s the remainder when 2986000 is divided by 50610?
10
Calculate the remainder when 505619 is divided by 1913.
587
What is the remainder when 6782065 is divided by 87?
67
What is the remainder when 514738 is divided by 774?
28
Calculate the remainder when 5334811 is divided by 115974.
7
What is the remainder when 71883042 is divided by 195?
192
What is the remainder when 16013380 is divided by 3014?
3012
Calculate the remainder when 762256 is divided by 541.
528
What is the remainder when 5103599 is divided by 300?
299
What is the remainder when 417448 is divided by 417367?
81
Calculate the remainder when 147478028 is divided by 117.
113
Calculate the remainder when 17600831 is divided by 5866940.
11
What is the remainder when 15363 is divided by 145?
138
What is the remainder when 5530053 is divided by 1339?
1322
What is the remainder when 110691990 is divided by 36897325?
15
What is the remainder when 1224792 is divided by 84?
72
What is the remainder when 46929 is divided by 11049?
2733
What is the remainder when 81663 is divided by 457?
317
What is the remainder when 13957947 is divided by 89?
77
What is the remainder when 1303190 is divided by 28?
14
What is the remainder when 1982338 is divided by 698?
18
What is the remainder when 148617 is divided by 701?
5
What is the remainder when 22276 is divided by 5510?
236
What is the remainder when 3122716 is divided by 1208?
36
Calculate the remainder when 95955 is divided by 14.
13
Calculate the remainder when 5591737 is divided by 13539.
130
What is the remainder when 16434183 is divided by 583?
579
Calculate the remainder when 11779654 is divided by 9.
4
Calculate the remainder when 60529 is divided by 14835.
1189
What is the remainder when 109665 is divided by 6139?
5302
What is the remainder when 33517 is divided by 3348?
37
What is the remainder when 320938584 is divided by 84?
36
What is the remainder when 5114418 is divided by 155?
38
What is the remainder when 93818 is divided by 705?
53
What is the remainder when 20835 is divided by 1041?
15
What is the remainder when 64918 is divided by 61822?
3096
What is the remainder when 6368619 is divided by 11?
4
What is the remainder when 99119 is divided by 957?
548
Calculate the remainder when 871655 is divided by 8380.
135
Calculate the remainder when 848878 is divided by 848862.
16
Calculate the remainder when 2038 is divided by 424.
342
Calculate the remainder when 67090 is divided by 805.
275
What is the remainder when 271084 is divided by 7918?
1872
Calculate the remainder when 1031576 is divided by 167.
17
Calculate the remainder when 101310 is divided by 1244.
546
Calculate the remainder when 34753 is divided by 4087.
2057
What is the remainder when 512435 is divided by 595?
140
Calculate the remainder when 529735 is divided by 88287.
13
What is the remainder when 756889 is divided by 252243?
160
What is the remainder when 8179930 is divided by 545?
25
Calculate the remainder when 369997 is divided by 184986.
25
Calculate the remainder when 198243 is divided by 65869.
636
Calculate the remainder when 169985 is divided by 12123.
263
Calculate the remainder when 330008 is divided by 2373.
161
Calculate the remainder when 48998451 is divided by 130315.
11
Calculate the remainder when 216867 is divided by 54194.
91
Calculate the remainder when 3020414 is divided by 1006802.
8
Calculate the remainder when 122306231 is divided by 71.
69
Calculate the remainder when 996774 is divided by 94.
92
What is the remainder when 68599 is divided by 576?
55
Calculate the remainder when 224943 is divided by 286.
147
What is the remainder when 7749438 is divided by 43782?
24
What is the remainder when 4992201 is divided by 185?
161
What is the remainder when 150337365 is divided by 50112454?
3
Calculate the remainder when 3001 is divided by 316.
157
Calculate the remainder when 2997498 is divided by 218.
216
Calculate the remainder when 172966 is divided by 86149.
668
What is the remainder when 1391064 is divided by 10?
4
Calculate the remainder when 234172 is divided by 207.
55
What is the remainder when 84241910 is divided by 1348?
1346
What is the remainder when 328136 is divided by 187?
138
What is the remainder when 593382 is divided by 1735?
12
What is the remainder when 1035661 is divided by 1416?
565
Calculate the remainder when 1540418304 is divided by 1351.
1349
What is the remainder when 33035 is divided by 205?
30
Calculate the remainder when 199986 is divided by 973.
521
What is the remainder when 2062966 is divided by 82518?
16
What is the remainder when 258928 is divided by 63875?
3428
Calculate the remainder when 7577 is divided by 5029.
2548
What is the remainder when 73467 is divided by 290?
97
Calculate the remainder when 15606232 is divided by 63.
61
What is the remainder when 7766773 is divided by 1455?
1438
Calculate the remainder when 444928 is divided by 18.
4
What is the remainder when 87678 is divided by 5391?
1422
Calculate the remainder when 638221 is divided by 1010.
911
What is the remainder when 215774 is divided by 10753?
714
What is the remainder when 9259235 is divided by 221?
219
Calculate the remainder when 39971 is divided by 195.
191
What is the remainder when 1136095 is divided by 30?
25
Calculate the remainder when 814396 is divided by 357.
79
Calculate the remainder when 97185 is divided by 48222.
741
What is the remainder when 27930175 is divided by 466?
465
What is the remainder when 17851 is divided by 3950?
2051
Calculate the remainder when 106123 is divided by 10603.
93
Calculate the remainder when 434030 is divided by 766.
474
Calculate the remainder when 137980 is divided by 657.
10
Calculate the remainder when 18519 is divided by 2017.
366
Calculate the remainder when 97953458 is divided by 19590688.
18
What is the remainder when 416468 is divided by 2618?
206
What is the remainder when 202473 is divided by 78?
63
Calculate the remainder when 954281 is divided by 476464.
1353
What is the remainder when 7566409 is divided by 120100?
109
What is the remainder when 14865577 is divided by 1600?
1577
What is the remainder when 123756 is divided by 9484?
464
What is the remainder when 6642364 is divided by 349598?
2
What is the remainder when 14964919 is divided by 293?
237
Calculate the remainder when 970613 is divided by 121140.
1493
What is the remainder when 16394514 is divided by 2056?
2026
What is the remainder when 62720 is divided by 531?
62
Calculate the remainder when 250999 is divided by 128.
119
Calculate the remainder when 991758 is divided by 34.
12
What is the remainder when 30110064 is divided by 4558?
4474
What is the remainder when 58040 is divided by 2571?
1478
Calculate the remainder when 21786 is divided by 3562.
414
Calculate the remainder when 125009 is divided by 1000.
9
Calculate the remainder when 218169 is divided by 31153.
98
Calculate the remainder when 15038691 is divided by 112.
3
Calculate the remainder when 11011633 is divided by 1835271.
7
What is the remainder when 410226 is divided by 598?
596
What is the remainder when 107524 is divided by 942?
136
What is the remainder when 9692010 is divided by 127522?
338
What is the remainder when 1558888087 is divided by 253?
251
Calculate the remainder when 40201 is divided by 129.
82
What is the remainder when 60634493 is divided by 1664?
1661
What is the remainder when 2104316 is divided by 15?
11
What is the remainder when 519834 is divided by 173?
142
Calculate the remainder when 476410 is divided by 2080.
90
Calculate the remainder when 98166527 is divided by 529.
526
Calculate the remainder when 1455774 is divided by 555.
9
What is the remainder when 666250 is divided by 95?
15
What is the remainder when 59774508 is divided by 1346?
1340
What is the remainder when 5016814 is divided by 814?
132
Calculate the remainder when 8697 is divided by 37.
2
What is the remainder when 610145 is divided by 963?
566
Calculate the remainder when 30739794 is divided by 661.
650
What is the remainder when 4893801 is divided by 113?
110
What is the remainder when 5221528 is divided by 2594?
2400
Calculate the remainder when 6213452 is divided by 2614.
2588
Calculate the remainder when 666672 is divided by 17092.
84
Calculate the remainder whe